pose 0 = 3*r - 42 - 141. Let z = q + r. Let f(n) = -n**2 + 7*n - 6. Give f(z).
-6
Let z(m) = m**2 - m + 2. Let a = -49 - -58. Suppose 0 = 11*k - 14*k - a. Let f be (0 + 0)/(k - -5). Determine z(f).
2
Let g(o) = 19*o - 1388. Let l(i) = -6*i + 491. Let c(h) = 6*g(h) + 17*l(h). Calculate c(7).
103
Let y(a) = 0*a + 21 - 10 + 18 - 2*a. Let z be y(15). Let q(s) = 3*s**2 + s + 4. Let r(d) = 10*d**2 + 3*d + 11. Let w(n) = -11*q(n) + 4*r(n). Determine w(z).
6
Suppose 0 = 3*b - 9, -53*b + 48*b + 25 = 2*w. Let i(m) = -m - 2. Let d(k) = -8*k - 31. Let z(p) = w*i(p) - d(p). What is z(-5)?
6
Let s(g) = -9 - 1468*g + 2927*g - 1460*g. Suppose 5*d - 20 = n, 0*d - 5*d + 40 = -3*n. Let w be (n - 0)*16/40. Determine s(w).
-5
Let o(w) be the first derivative of -3*w**2 - 70*w - 89. Determine o(-12).
2
Let z(g) = 388112 + 48*g - 387674 + 97*g. Calculate z(-3).
3
Let n(p) = -p**2 - p - 1. Let w be (-87)/(-116) - (95/4)/5. Let l(k) = -k**3 + 2*k**2 - 11*k - 4. Let q(v) = w*n(v) + l(v). Give q(5).
-10
Let h(s) = s**3 - 13. Let c be 44/10 - (-10)/(-25). Let f be 15/2*(-40)/c. Let z = 75 + f. Determine h(z).
-13
Let o(v) = 2*v**2 + 73*v + 71. Let f(h) = h**2 + 16*h - 613. Let s be f(-34). Determine o(s).
0
Let m(g) = g**3 + 3*g**2 - 5*g - 5. Let d = -94 + 96. Suppose d*y + 2*s = -0*y - 102, -4*y + 4*s = 228. Let p = y - -50. What is m(p)?
-1
Suppose 0 = -3*f - 5 - 7. Let d(r) = -4*r**2 - 8*r + 147. Let q(i) = -13*i**2 - 24*i + 493. Let p(m) = -10*d(m) + 3*q(m). Give p(f).
-7
Let n(s) = s**3 + s**2 + 1. Suppose -3*b - 1 = 3*y - 10, -4*b + 2*y = 12. Let d be (-76 + 76)/((1 - b) + -4). Determine n(d).
1
Let t(w) = 3*w**2 - w**3 - 2*w + 0*w - 3 + 3*w. Let o(n) = 531*n - 26016. Let g be o(49). Determine t(g).
0
Let r(x) = x**2 - 3*x + 3. Let m(c) = -c**2 - 6*c + 4. Let p be m(-5). Let f(g) = -17*g - 254. Let k be f(-16). Let o be 3/p - (-66)/k. Determine r(o).
7
Let c(a) = 3*a + 16225*a**3 - 7 - 3*a**2 - 2*a**2 - 16224*a**3 + 3*a. Suppose 0*r - 4*f - 8 = 2*r, -4*r + 5*f = -23. Suppose 0 = r*q + 4 - 14. Give c(q).
23
Suppose 42240 = 9*g + 42258. Let k(t) be the first derivative of t**5/30 + t**4/12 - t**3/3 + 1. Let o(v) be the third derivative of k(v). Calculate o(g).
-6
Let l = -206 + 197. Let n(m) = -2*m**2 - 13*m + 45. Let g be n(l). Let z(q) = -q**3 - q**2. Calculate z(g).
0
Let k(o) = -8*o + 2*o**3 + 2 - 4 + 18*o - 8*o + 4*o**2. Suppose 5*b = -38 + 118. Let s = b + -18. Determine k(s).
-6
Let u(o) = -42286*o - 45 + 63 - 39 + 42274*o. Calculate u(-3).
15
Let u be (-5 + 0 + 6)/((-1)/(-3)). Let x = 8 - -3. Let i(l) = -2*l - 7. Let w(o) = 4*o + 13. Let v(a) = x*i(a) + 6*w(a). What is v(u)?
7
Let d be (-6)/(-14) - (3 - 54/21). Suppose d = -223*v + 215*v + 64. Let z(f) = -f**2 + 6*f + 22. What is z(v)?
6
Suppose 42 = 3*v - 38*g + 41*g, -2*v = 5*g - 40. Suppose -11 = 5*s + 14. Let b be v/3*6/s. Let q(w) = -w**3 - 4*w**2 + w + 3. Determine q(b).
-1
Let l(t) be the first derivative of -2*t**2 - 13*t + 7579. What is l(-6)?
11
Let g be (-14)/(-4)*-1*-1*2. Let k = g - 2. Let f(y) = -y**3 - k*y**2 - 17*y + 570 + 2*y**3 + 7*y - 561. Calculate f(6).
-15
Let p(b) = -b - 4. Let v(l) = l - 5. Let c be v(-4). Let w be (-2)/1 + (-10 - c). Let r be 3 - (-65)/(-10) - w/(-6). Calculate p(r).
0
Let m(f) = f**2 + 2*f + 4. Suppose 0 = -3*u + 1 + 5. Suppose -3*a + 3*j - 6 = 0, -5*j + 2 + 8 = u*a. Suppose -5*g - 4 - 11 = a. Calculate m(g).
7
Let c(p) = p**2 + 12*p + 22. Let q be c(-9). Let v(j) = 21*j + 108. Calculate v(q).
3
Suppose 2*a + 32 = 7*a - 3*d, 0 = 4*a - 3*d - 28. Suppose -3*w + 2*j = 4, -5*w - a*j + 20 = -2*j. Let y(t) = -w + 2 - 3*t + 6 - 4. What is y(3)?
-7
Let o(a) = -a - 6. Let t be o(-6). Let d = 493 - 492. Let w(l) = -6*l**2 + 5*l - 6. Let q(p) = p**2 - p + 1. Let u(z) = d*w(z) + 5*q(z). Determine u(t).
-1
Let d(h) be the first derivative of -3*h + 27 - 2 - 3*h**2 + 7 + 33 + 0*h. What is d(4)?
-27
Let w(g) = -2*g**3 - 11*g**2 - 5*g - 1. Let t be w(-5). Let v be (t/(-3))/(-1 - 40/(-45)). Let p(f) = f**3 + 4*f**2 - f. Give p(v).
12
Let j(u) be the first derivative of -1/3*u**3 + u**2 + 61 + u. Suppose -6*t + 4*t + 30 = 4*x, 5*t - 3*x - 10 = 0. Calculate j(t).
-14
Let l(f) = f**3 - 6*f**2 + f - 7. Let d = 35 + -14. Suppose -2*z + 7 = -x, -x + d = 3*z + x. Suppose k + 24 = z*k. What is l(k)?
-1
Let u(z) = -z**3 + 5*z**2 + 7*z - 25. Let q be u(2). Let w(g) = -11*g - 4. Give w(q).
-15
Let t(m) be the third derivative of m**4/24 + 2*m**3/3 - 606*m**2 - 2*m. Give t(-13).
-9
Let o(x) = 16*x - 9. Let p be o(1). Let g(y) = 40 - 41 - y + 4. What is g(p)?
-4
Let z(j) = -71 - 61 - 3*j**2 + 132 + 4*j. Give z(-4).
-64
Let m(u) = -u - 3. Let t = -28 + 44. Let i(g) = -g**3 + 16*g**2 - g - 23. Let b be i(t). Let s = b + 39. Calculate m(s).
-3
Let n(z) = -2*z**2 + 9*z - 31. Suppose -3*p + 50 = -5*b, -43*p + 46*p + 4*b + 13 = 0. What is n(p)?
-36
Suppose 3*s = 63*x - 62*x - 40, 3*x - 3 = 0. Let u(o) = -2*o**2 - 27*o - 11. Determine u(s).
2
Let b(k) be the second derivative of 1/12*k**4 - 35 + k + 5/3*k**3 - 3*k**2. Calculate b(-11).
5
Let a(o) = 3*o - 8. Let y(t) = t**3 - 8*t**2 - t + 5. Let l = -489 - -489. Let w be y(l). Calculate a(w).
7
Let l(u) = u**3 + 6*u**2 + 4. Let z be 5/10*52/2. Let a(j) = -15*j + 0*j + 20 - 1630*j**2 + 1631*j**2. Let h be a(z). What is l(h)?
4
Suppose 3*t + 0*w + 5*w = -5, -5*w - 45 = -5*t. Suppose t*i - 8 = 7*i. Let z(q) = -4 - 1 + 61*q - 62*q. What is z(i)?
-1
Suppose -19 + 13 = -3*r. Let n(x) = -8352 + 8348 - x - r*x**3 + 2*x**2 + 3*x**3. Let s be (6/8)/((-2)/8). Give n(s).
-10
Let z(m) = -2*m**2 - m. Let g(v) = -21*v**2 - 8*v + 3. Let k(b) = -g(b) + 4*z(b). What is k(2)?
57
Let m(f) = -12*f - 6. Let g(z) = z. Suppose -61*c + 110 = 49. Let i(a) = -10*a - 1. Let w be i(-1). Let l(o) = c*m(o) + w*g(o). Give l(-4).
6
Suppose 5*s + 0*s = -3*a, 0 = -3*s - 5*a - 16. Let l(p) = 0 + 5 + 1 + p + p**3 - 1 - 4*p**2. Let z be l(s). Let g(d) = -12*d**2 - d. What is g(z)?
-11
Let k(f) be the second derivative of 8*f**3/3 + 85*f**2 + 2259*f. Determine k(-11).
-6
Let b(j) = -20*j**2 - 24*j - 29. Let s(o) = 7*o**2 + 9*o + 9. Let m(t) = -6*b(t) - 17*s(t). What is m(5)?
1
Let g(m) be the second derivative of m**5/20 + m**4/3 - m**3/6 + 2*m + 810. Let t = 4 - 8. Determine g(t).
4
Suppose -2*r - 21 = -4*r - 5*f, 5*r - 5*f + 35 = 0. Let q(d) = -5*d + 10. Let y(b) = b - 2. Let s(o) = r*q(o) - 11*y(o). Let i = 22 + -16. Calculate s(i).
-4
Suppose 9 = 5*o - 16. Suppose 4*p - 2*p - 2*k - 8 = 0, o*k = 2*p - 2. Let n(g) = -5*g**2 + 4*g**2 - 828*g + 1 + 834*g. Give n(p).
1
Suppose 12 = -7*r + r. Let n be r/(-9) - (-16)/9. Let k(f) = 4*f**2 - f - 2*f**2 - 8 - f**n + 11*f. What is k(-8)?
-24
Let z(u) = 47*u**2 - 8*u + 75. Let q(w) = -27*w**2 + 4*w - 37. Let f(o) = 7*q(o) + 4*z(o). What is f(-9)?
-4
Let u(f) = f**2 + 2*f - 1. Let q be u(-11). Suppose -8*v = -622 - 122. Let y = q - v. Let s(r) = -r**2 + 5*r - 7. Determine s(y).
-7
Let s(k) = k - 8. Let i = 207 + -191. Suppose -2*t + 4*f = -i, 5*f + 28 = 4*t + 8. Determine s(t).
-8
Let r = -36312 + 36245. Let c(p) = -p**3 - 64*p**2 + 202*p + 63. What is c(r)?
-4
Let h(c) = -c**3 + 8*c**2 - 9*c + 17. Let f(s) = 21*s + 1288. Let q be f(-61). Give h(q).
3
Let l(t) = -t**2 - 7*t - 7. Let k(r) = -6*r**2 + 7*r**2 + 0*r**2. Let q(z) = 6*z**2 - 2*z - 3. Let w(b) = 5*k(b) - q(b). Let x be w(4). Give l(x).
3
Suppose -189 = -123*h + 40*h + 20*h. Let x(d) = 42*d - 134. What is x(h)?
-8
Suppose 0 = 5*d - 86 - 334. Let c be 14/4 - 42/d. Let b(u) = -u**2 + 2*u. Calculate b(c).
-3
Let h(p) be the third derivative of 7*p**4/12 + 5*p**3/3 + 41*p**2. Let s(y) = 17*y + 11. Let m(c) = 5*h(c) - 4*s(c). Give m(-4).
-2
Let c(a) = 17*a - 1. Let h(o) = -o**2 + 10*o - 14. Let g be h(6). Let b = g - 8. Let y be (-3)/b - (-6)/12. Calculate c(y).
-18
Suppose 0*t = -9*t + 126. Let b(g) = -15 - 2*g + 28 - t - 4*g**2. Determine b(-1).
-3
Let p be (180/(-6))/6 + 52. Let k(n) = -61*n + 9*n + p*n + 2. Give k(-3).
17
Suppose 0 = r, -r + 42 = -2*p + 4*p. Let z be p/(-112)*4 + 7/4. Let h(k) = -10*k + 1. Determine h(z).
-9
Let m(l) = -l**2 - 3*l + 51. Let d = 8431 - 8440. Calculate m(d).
-3
Let j(l) be the third derivative of -l**5/60 - l**4/2 - 13*l**3/6 + 216*l**2 + 8. Determine j(-7).
22
Let z(l) = 5*l - 9. Let p be -1 + (-24)/(0 + 3) - -5. Let r(n) = -7*n + 11. Let m(v) = p*z(v) - 3